ed by 280.
272
What is the remainder when 5660454 is divided by 5660447?
7
What is the remainder when 2074587 is divided by 74?
71
What is the remainder when 9703817 is divided by 5?
2
What is the remainder when 55764656 is divided by 87?
5
What is the remainder when 40957 is divided by 49?
42
What is the remainder when 2342401 is divided by 259?
5
Calculate the remainder when 4690613 is divided by 1545.
1538
Calculate the remainder when 236846 is divided by 12584.
10334
What is the remainder when 12545237 is divided by 10?
7
Calculate the remainder when 5645846 is divided by 473.
118
What is the remainder when 966156 is divided by 35783?
15
Calculate the remainder when 10470872 is divided by 183.
161
Calculate the remainder when 49638 is divided by 16359.
561
What is the remainder when 20861031 is divided by 206?
29
Calculate the remainder when 324785 is divided by 57.
56
Calculate the remainder when 3944921 is divided by 9740.
221
Calculate the remainder when 30160804 is divided by 2124.
4
Calculate the remainder when 9039219 is divided by 1291317.
0
Calculate the remainder when 810781 is divided by 915.
91
Calculate the remainder when 54526 is divided by 13485.
586
What is the remainder when 218576 is divided by 1024?
464
What is the remainder when 2093234 is divided by 32706?
50
What is the remainder when 163095 is divided by 417?
48
What is the remainder when 140872 is divided by 13561?
5262
Calculate the remainder when 85694 is divided by 7007.
1610
Calculate the remainder when 3712799 is divided by 3259.
798
Calculate the remainder when 304702 is divided by 99.
79
What is the remainder when 3938441 is divided by 250?
191
Calculate the remainder when 1180076 is divided by 452.
356
Calculate the remainder when 103611 is divided by 11474.
345
Calculate the remainder when 689070 is divided by 98433.
39
What is the remainder when 94377 is divided by 155?
137
Calculate the remainder when 57670917 is divided by 711986.
51
Calculate the remainder when 10463328 is divided by 33.
18
What is the remainder when 189143 is divided by 59?
48
Calculate the remainder when 105435 is divided by 26352.
27
What is the remainder when 36996110 is divided by 2466407?
5
What is the remainder when 7298 is divided by 877?
282
What is the remainder when 57324 is divided by 1804?
1400
Calculate the remainder when 4243407 is divided by 9067.
51
What is the remainder when 1421749 is divided by 4616?
21
Calculate the remainder when 214141 is divided by 349.
204
Calculate the remainder when 4053171 is divided by 1350832.
675
Calculate the remainder when 93195 is divided by 76.
19
Calculate the remainder when 141436 is divided by 9429.
1
What is the remainder when 912553 is divided by 8679?
1258
Calculate the remainder when 54272 is divided by 3129.
1079
Calculate the remainder when 1293818657 is divided by 86.
85
Calculate the remainder when 493052 is divided by 492886.
166
What is the remainder when 2077314 is divided by 342?
6
What is the remainder when 131265037 is divided by 788?
785
Calculate the remainder when 2261321 is divided by 27.
17
What is the remainder when 2020196 is divided by 32066?
38
What is the remainder when 11803 is divided by 526?
231
What is the remainder when 13549976 is divided by 584?
8
What is the remainder when 11618 is divided by 9669?
1949
Calculate the remainder when 1218921 is divided by 28.
25
Calculate the remainder when 133552 is divided by 1127.
566
What is the remainder when 51840 is divided by 3969?
243
Calculate the remainder when 1647940 is divided by 1647846.
94
Calculate the remainder when 241633 is divided by 1292.
29
What is the remainder when 4585066 is divided by 23634?
70
What is the remainder when 1950766 is divided by 26?
12
What is the remainder when 455190 is divided by 13338?
1698
What is the remainder when 7898581 is divided by 3949248?
85
What is the remainder when 82880563 is divided by 45841?
35
What is the remainder when 913715 is divided by 60914?
5
What is the remainder when 4069777 is divided by 31795?
17
What is the remainder when 5989212 is divided by 70?
12
What is the remainder when 2684768 is divided by 66?
20
What is the remainder when 41647 is divided by 274?
273
Calculate the remainder when 55579 is divided by 1940.
1259
What is the remainder when 376321 is divided by 185884?
4553
Calculate the remainder when 26038610 is divided by 17.
16
Calculate the remainder when 6616551 is divided by 1981.
11
What is the remainder when 954045 is divided by 655?
365
Calculate the remainder when 31621 is divided by 1166.
139
What is the remainder when 1536529 is divided by 1169?
463
Calculate the remainder when 6125230 is divided by 71.
60
What is the remainder when 2765022 is divided by 1335?
237
Calculate the remainder when 165293 is divided by 55063.
104
What is the remainder when 57744235 is divided by 16?
11
Calculate the remainder when 21871 is divided by 21352.
519
What is the remainder when 3543849 is divided by 2092?
1
What is the remainder when 12669888 is divided by 98?
56
Calculate the remainder when 54297 is divided by 172.
117
Calculate the remainder when 15648266 is divided by 473.
7
Calculate the remainder when 3667084 is divided by 3667073.
11
What is the remainder when 11469937 is divided by 128?
113
Calculate the remainder when 956112 is divided by 4054.
3422
What is the remainder when 8264912 is divided by 333?
185
What is the remainder when 31071121 is divided by 115506?
7
Calculate the remainder when 1602691 is divided by 16.
3
What is the remainder when 32463 is divided by 4033?
199
What is the remainder when 1113077889 is divided by 23?
19
Calculate the remainder when 1418983 is divided by 11824.
103
Calculate the remainder when 303502 is divided by 78.
4
What is the remainder when 18407 is divided by 1579?
1038
Calculate the remainder when 173623 is divided by 57.
1
Calculate the remainder when 45442 is divided by 3202.
614
Calculate the remainder when 26991645 is divided by 2384.
2381
Calculate the remainder when 57932407 is divided by 63.
1
What is the remainder when 394725 is divided by 197330?
65
What is the remainder when 4736123 is divided by 108?
107
What is the remainder when 351626 is divided by 50134?
688
Calculate the remainder when 349325 is divided by 1783.
1640
What is the remainder when 12164756 is divided by 1105881?
65
Calculate the remainder when 10444891 is divided by 84.
79
Calculate the remainder when 6593522 is divided by 253595.
52
Calculate the remainder when 135082860 is divided by 353.
350
What is the remainder when 333572 is divided by 4978?
46
Calculate the remainder when 8034530 is divided by 69865.
55
Calculate the remainder when 2158401 is divided by 642.
639
What is the remainder when 24408 is divided by 1619?
123
What is the remainder when 495780 is divided by 2418?
90
What is the remainder when 28725321 is divided by 1529?
1527
What is the remainder when 104373 is divided by 14849?
430
What is the remainder when 1039563 is divided by 272?
251
What is the remainder when 150409 is divided by 1222?
103
What is the remainder when 1584191 is divided by 534?
347
What is the remainder when 22099245 is divided by 3453?
45
Calculate the remainder when 33525569 is divided by 8.
1
Calculate the remainder when 8204438 is divided by 2734810.
8
What is the remainder when 600212 is divided by 5087?
5033
What is the remainder when 214935 is divided by 3640?
175
What is the remainder when 626768 is divided by 2811?
2726
What is the remainder when 502873 is divided by 248974?
4925
Calculate the remainder when 331813 is divided by 3968.
2469
What is the remainder when 206625 is divided by 6887?
15
Calculate the remainder when 114155772 is divided by 75.
72
Calculate the remainder when 4652645 is divided by 74.
43
Calculate the remainder when 183772 is divided by 8716.
736
What is the remainder when 4439583 is divided by 870?
843
Calculate the remainder when 58245 is divided by 5191.
1144
Calculate the remainder when 128122334 is divided by 11.
10
Calculate the remainder when 4154587 is divided by 9.
7
What is the remainder when 2431367 is divided by 347337?
8
Calculate the remainder when 20383998 is divided by 245.
243
What is the remainder when 195653958 is divided by 8